*a. What is the units digit of -4 + z + (65 - 3)?
9
Suppose 5*m - 944 = 141. Let t = m + 44. What is the tens digit of t?
6
Suppose 36204 = 4*w - 3*a - 18684, 3*a = -2*w + 27426. What is the tens digit of w?
1
Let o = -969 + 814. Let q = o - -643. What is the hundreds digit of q?
4
Suppose -2214 = -11*f + 5*f. Let i = 120 + f. What is the units digit of i?
9
Suppose -24*c + 231395 = -68653. What is the tens digit of c?
0
What is the units digit of 221600/11 - (-41 - 19580/(-484))?
6
Suppose -17*p + 7106 = 7*p - 20326. What is the hundreds digit of p?
1
Let m = 55 - 28. Let r(n) = m - 23*n + 15*n + 12*n + 14. What is the tens digit of r(-6)?
1
Suppose 0 = -36*x + 34*x + 14. Suppose -2*r + 11 = x. Suppose -3*y + 291 = 3*d, 5*d - 128 = r*y + 336. What is the tens digit of d?
9
Suppose 7041 + 9399 = 6*c. Suppose -31*p = -29*p - c. What is the thousands digit of p?
1
Let a(v) = v**3 - v**2 + 5*v - 8. Let z be a(4). Let r(s) = -51*s + 9*s**3 + 109*s - z*s + 3*s**2. What is the tens digit of r(1)?
1
Let s be -1 - -3 - (3 - 11). Let b be 42*((-14)/(-6))/7 + -5. What is the units digit of ((-345)/s)/(b/(-12))?
6
Suppose -5*r + 3*n - 1668 = -8*r, -2*r = -4*n - 1100. What is the units digit of r?
4
Let s(w) = 8*w - 5. Let i be s(1). Suppose 4*f + 0*l + 2*l = -392, 0 = -i*f + 4*l - 305. Let d = f - -171. What is the tens digit of d?
7
Let d(m) be the first derivative of 16*m - 33 - 2*m**2 + 19/3*m**3. What is the tens digit of d(3)?
7
Suppose 0 = -16*i + 5*i + 891. Suppose -88*u + i*u = -6734. What is the tens digit of u?
6
Let z(b) = 1496*b**2 + 4*b - 4. Let v be z(3). Suppose -14*f + v = -9082. Suppose -8*y + f = 195. What is the tens digit of y?
7
Let a = -26681 + 45346. What is the units digit of a?
5
Let i = -221 + 234. Suppose -15*s = -i*s - 616. What is the units digit of s?
8
Suppose 1 = 3*m - 2*m. Suppose -42 = 4*j + 10*j. What is the tens digit of -110*m*j/6?
5
Let n(g) = -3249*g**2 - 6*g - 18. Let k(m) = 650*m**2 + m + 3. Let s(l) = 11*k(l) + 2*n(l). What is the hundreds digit of s(-1)?
6
Let c = 316 + -472. What is the hundreds digit of (c/(-8))/(1652/(-416) + 4)?
6
Let q be ((-39)/6)/((-6)/12). Let b(k) = -k**3 + 14*k**2 - 13*k - 6. Let m be b(q). What is the tens digit of (-2888)/(-32) + m/(-8)?
9
Let f(u) = -4 + 5 + 24*u**2 + 66*u - 71*u. Let y be f(3). Let d = y - 32. What is the hundreds digit of d?
1
Let f = -4650 + 54823. What is the ten thousands digit of f?
5
Let l be (-18)/(2 + (-51)/24). Let u(d) = 9*d + 20. Let y be u(-2). Suppose y*v + l = 4*v. What is the tens digit of v?
7
Let w(v) = -v**2 - 22*v + 89. Let p be w(-24). Suppose -4*n + p = -39. What is the units digit of n?
0
Let p(x) = -2*x**3 + 12*x**2 + 61*x - 9. Let a be p(-9). What is the hundreds digit of a/180*(-65)/(-2)?
3
Let a(f) = -72*f**3 - 15*f**2 - 30*f - 127. What is the hundreds digit of a(-4)?
3
Suppose 13*k = 32651 + 48131. What is the hundreds digit of k?
2
Let b be 11 - ((-40)/(-14) - 15/(-105)). Suppose 0 = -2*m + 10, 3*o = b*m - 5*m + 303. What is the units digit of o?
6
Suppose 2*v - 14 - 36 = 0. Suppose v*o - 34*o = -4050. What is the hundreds digit of o?
4
Let g = -654 + 344. Let t = 10 - g. What is the hundreds digit of t?
3
Let j = 212956 + -134549. What is the units digit of j?
7
Let l(b) = 2*b + 10. Let i be l(-2). What is the units digit of 284 + 43 + i/2?
0
Let y(k) be the first derivative of k**3/3 + k**2 + 207*k + 8. What is the tens digit of y(0)?
0
Let u(c) = 21 - 640*c**2 + 629*c**2 + 13*c + 2 - c**3. Let o(r) = -7*r + 2. Let d be o(2). What is the tens digit of u(d)?
1
Suppose 4*b = 4*o - 36, 3*o + 69 = -3*b - 2*b. Let i = 137 - b. What is the units digit of i?
9
Suppose -5*a + 4*b + 2 = 0, -4*b - 8 = a - 9*b. Suppose a*h = -2*s + 2018, 0 = -0*h - 2*h - 5*s + 2018. What is the hundreds digit of h?
0
Suppose 11087 = -4*f + 33483. Suppose -f = -11*r + 517. What is the tens digit of r?
5
Suppose -t + 2*b = -4, -t + 3*b = -0*t - 5. Suppose -4*g = t*d + 20, 0*d - 2 = -d + 4*g. Let c = d - -89. What is the tens digit of c?
8
Suppose 2*i - 4*c - 28 = 0, -14*i - 2 = -11*i + 5*c. What is the units digit of ((-12)/18)/(i/(-11997))?
3
Let l(p) be the second derivative of 35*p**4/6 + 7*p**3/6 - 3*p**2 + 65*p. What is the units digit of l(2)?
8
Let j = 2116 - -4542. What is the thousands digit of j?
6
Let x be ((-10)/(-15))/(4/(-2424)). Let i = x - -681. What is the units digit of i?
7
Let h(b) = -b**3 + 10*b**2 - 17*b + 2. Let u be h(6). Let g = -62 + u. What is the tens digit of (-3)/2*636/g?
5
What is the units digit of (-6*(-3)/(-6))/(318/(-5381938))?
3
Suppose -46 + 42 = -4*o. Let m(s) = 612*s**3 - 9*s + 10. What is the tens digit of m(o)?
1
Let n(a) = a**3 + 34*a**2 + 49*a - 44. What is the tens digit of n(-19)?
4
Suppose -2*y = -l + 17418, -52317 = -3*l + 28*y - 31*y. What is the ten thousands digit of l?
1
Let d = -2 + 47. Suppose -d = -10*r + 11*r. What is the units digit of (-4)/(-2)*(r/(-2) + 4)?
3
Suppose -4*b = -2*b - 8. Suppose 18*z - 17*z = 3*a + 606, -4*z + 2488 = b*a. What is the hundreds digit of z?
6
Suppose 47179 = 3*i - 9*n - 188846, 2*i + 3*n - 157332 = 0. What is the thousands digit of i?
8
Let v(j) = j**3 + 29*j**2 + 22*j - 60. Let p be -10*(82/28 + 57/(-133)). What is the thousands digit of v(p)?
1
Let z(h) = -8 - 159*h - 2 - 2 - 29*h + 5. What is the units digit of z(-2)?
9
Suppose 9 = s + 2*g, -2*g + 23 - 4 = 3*s. Suppose -20 = -s*w - 5*j, 2*w - 7*w - 2*j + 26 = 0. Suppose -w*m - 185 = -1091. What is the hundreds digit of m?
1
Let g(u) be the third derivative of u**6/120 + u**5/20 - u**4/12 + u**3 + 23*u**2. Let o be g(3). Let l = o - -34. What is the tens digit of l?
8
Suppose -4*u + 12477 = 61*h - 56*h, 0 = u + h - 3117. What is the units digit of u?
8
Suppose -53*c - 22450 - 62376 = -60*c. What is the units digit of c?
8
Suppose -878*k + 815*k = -1741194. What is the tens digit of k?
3
Let w(x) = 8*x - 13. Let r be w(4). Suppose -6*i + 35 = -r. What is the units digit of 432/i + 1 + -4?
5
Let i(l) = -l**2 + 8*l - 10. Let x be i(5). Suppose j + j - 290 = 4*p, -4*j - x*p = -593. What is the tens digit of j?
4
Suppose 0 = 25*w - 146922 + 37522. What is the hundreds digit of w?
3
Let v(y) = -3 + 4*y**3 + 17*y - 17*y**2 + 2 - 6 - 3*y**3. Let i be v(16). Suppose -3*g - 93 = -5*u, -2*u - 3*g = -3*u + i. What is the units digit of u?
1
What is the tens digit of (-6*1)/((-345)/184920)?
1
Suppose -5*o + 105265 = 5*r, 0 = 18*o - 15*o - 2*r - 63194. What is the ten thousands digit of o?
2
Suppose -50*y - 65*y = 73*y - 3956084. What is the units digit of y?
3
Let b be (2 + -3)*1331/11. Let u = b - -236. What is the units digit of u?
5
Let j be ((-65)/15 - -3)/((-8)/18). Let h(x) = -j*x + 8 - 2 - 32*x. What is the tens digit of h(-2)?
7
Suppose -c = -72*g + 67*g + 219620, g = -5*c + 43898. What is the thousands digit of g?
3
What is the hundreds digit of (-17)/((-68)/(-34208))*(0 - 1)?
5
Suppose -235144 = -60*v - 15*v - 44*v. What is the hundreds digit of v?
9
Let p be ((-116)/12 + 7)*135/(-4). Suppose -p*r - 621 = -99*r. What is the tens digit of r?
6
Let y(q) = 2*q**3 - 2*q**2 + 27*q - 38. What is the tens digit of y(16)?
7
Let d(w) = 57*w**2 - 3*w + 1. Let h be d(-3). Let l = h - 266. Suppose -4*z + 4*t + 187 = -l, t - 537 = -5*z. What is the tens digit of z?
0
Let t(x) = -73*x + 13. Let u(k) = -2*k**2 + 44*k + 38. Let v be u(23). What is the units digit of t(v)?
7
Let k be (16*(-5)/50)/(10/(-38225)). Suppose 0 = 7*j + 75 - k. What is the tens digit of j?
6
Let w(h) = -4*h**2 - 4*h + 1. Let a(j) = -j**2 + j + 1. Let u(r) = 3*a(r) - w(r). Let d be u(-7). Suppose d*s = -s + 327. What is the tens digit of s?
0
Let u(t) = -19630*t + 643. What is the thousands digit of u(-1)?
0
Let z(n) = -99*n**3 - 2*n**2 - n + 4. Let m be z(2). Let p = m - -568. Let i = 396 + p. What is the tens digit of i?
6
Suppose -89*d + 383727 + 1085396 = 0. What is the thousands digit of d?
6
Let p = 441 + -200. Let a = p + -125. What is the tens digit of a?
1
Let c(v) be the first derivative of -1/3*v**3 + 7*v + 11 + 9*v**2. What is the tens digit of c(10)?
8
Suppose -2*q - 7 = -3*f, 4*f - 3*q = 5 + 5. Let x(t) = 355*t + 10. What is the units digit of x(f)?
5
Suppose 4 = -2*q - g, -5*q + 4*g + 1 = g. Let d be q/(-2) + (-2)/4. Suppose 3*w + 3*k - 33 = 0, 0*w + w +